*q + 759. Suppose 201 + d = 4*v. Is v composite?
True
Is (-1158516)/(-54) - (-8)/(2 - 3) a composite number?
True
Let k = 11143 + -7198. Is 4*k/5 - 1 composite?
True
Let y = 27379 - 15558. Is y composite?
False
Suppose 1 = o + 2*x, 4*o - 4*x - 21 - 7 = 0. Suppose -3*h - 3*q + 748 = -8*q, -4*q = h - 255. Suppose h = m - 3*y, 3*m - 417 = o*y + 336. Is m a prime number?
True
Suppose -149*k = -145*k - 211316. Is k a composite number?
True
Let l = 265 + -72. Suppose n - l - 44 = 0. Is n a prime number?
False
Let b = 34 + -31. Suppose -2*a + b*a - 157 = 0. Is a a prime number?
True
Suppose -24 = -0*g + 3*g. Let u be 863/7 + g/28. Suppose 4*p = u + 401. Is p prime?
True
Let r = 4959 - 632. Is r composite?
False
Suppose 7*m = 22347 + 1019. Is m a composite number?
True
Let z(g) = -g**2 - 15*g + 18. Let o be z(-16). Suppose 0 = 5*y + 2*q - 71 - 332, o*y - 162 = -q. Is y composite?
False
Let b(g) = -8*g**3 - 3*g**2 - 4*g - 1. Let t be 4 + 0 + 54/(-6). Let n be b(t). Suppose 3*a - n + 41 = 0. Is a a composite number?
True
Suppose -3*r + 21 = -3*v, 3*v + 2*r + 11 = -0*v. Let b be (v - -2)*(-2)/3. Suppose 4*c = -2*a + 1230, a + b = 3. Is c prime?
True
Let r(c) = 4*c**2 + 4*c - 133. Let a be r(14). Let b be ((-10)/(-6) - 1)*456. Let k = a + b. Is k a prime number?
False
Let z be (-6)/(-12)*(0 + 10). Let i(q) = 20*q**2 + 9*q - 8. Is i(z) a composite number?
True
Let p(w) = 5*w**2 + 7*w + 13 - 9*w**3 - w**3 + w**3. Is p(-4) a prime number?
True
Is -8 + 7 + 14136 + 8 a prime number?
True
Let v be (-4)/(-18) - 488/(-72). Let n = 21 - v. Is 3092/n - 2/(-14) prime?
False
Suppose 10*f + 15 = 5*f. Let i be (-24)/18 + 2/f. Is i/(0 + -2)*67 a composite number?
False
Let b = -4448 + 6805. Is b a prime number?
True
Let i(q) = 7*q**3 - 5*q**2 + q + 6. Let z = 121 + -116. Is i(z) prime?
True
Let c(f) be the second derivative of -13*f**5/20 + f**4/2 + f**3 + 3*f**2/2 - 35*f. Is c(-4) a prime number?
True
Let a(b) = 2*b**2 - 4*b + 3. Let k be a(1). Is (2 - k)*(-419)/(2/(-2)) a prime number?
True
Suppose 0 = -5*w - y - 28, 5*w + 0*y - 3*y + 36 = 0. Suppose -2*k - 14 = 4*z, 0 = -2*z + 10 - 0. Let x = w - k. Is x a composite number?
False
Let t(i) = 224*i**2 + 10*i + 7. Is t(-4) composite?
True
Let j = 61 - -232. Is j prime?
True
Suppose 0 = 5*s - 87 - 138. Let g be (27/s)/(6/20). Is (g/2)/((-2)/(-246)) a prime number?
False
Suppose 0 = 7*t + 54 + 30. Is (1 - (2 + t/(-8)))*-58 composite?
True
Suppose -3*s = 3*a - 26 + 2, 2*a - 2*s - 8 = 0. Suppose a*f = f - 4*o + 12, -5*f - 3*o + 9 = 0. Is (750 - 8)/(f + 2) prime?
False
Let q be (-140)/770 - (664/(-22) - 1). Suppose 2*i + 0*i = 6. Suppose -2*l = i*j - q, -3*j = 5*l - 0*j - 100. Is l a composite number?
False
Suppose 12*x - 132729 - 1035 = 0. Is x prime?
False
Is 12314/4*(-62)/(-31) a composite number?
True
Suppose 0 = 381*z - 380*z - 2557. Is z a prime number?
True
Is (1 - 60/18)*-6801 - 0 prime?
False
Let b(t) = t - 17. Let f be b(5). Let c be f/(-4)*(-781)/3. Is 1 + 7 + -4 - c composite?
True
Suppose 3*l = 4*r + 3, -5*r = -4*l - 0*l + 5. Suppose -6*t - 4*w = -t + 1, 0 = -2*t + 5*w + 26. Is (r + (-84)/(-9))*t composite?
False
Let n = 29 - 16. Let s(r) = -r**2 + 14*r - 8. Let q be s(n). Suppose 1783 - 168 = q*z. Is z composite?
True
Let o(y) = y**3 - y**2 - y - 4. Let x be o(-3). Let r = x + -47. Let l = r - -149. Is l a prime number?
False
Let h = -3095 + 5914. Is h composite?
False
Suppose -2*p + 10813 = -3*b + 2*b, 0 = p - b - 5406. Is p prime?
True
Suppose 0 = 4*s + l - 760 - 39881, -30487 = -3*s - 2*l. Is s prime?
True
Suppose 4*j + 4*k = 82236, 4*j - 20579 = 3*j + 4*k. Is j composite?
False
Let i = -5211 + 9983. Suppose s - i = -3*s. Is s composite?
False
Suppose -2*j + 37007 = w, 580*w - 581*w + 55510 = 3*j. Is j composite?
False
Let g = -10406 + 18195. Is g a prime number?
True
Suppose 78*c - 73*c = 124765. Is c composite?
False
Let j(r) = 194*r**3 - 15*r**2 - 6*r + 12. Let y(b) = 65*b**3 - 5*b**2 - 2*b + 4. Let m(f) = -3*j(f) + 8*y(f). Is m(-3) composite?
False
Let k(q) = q**2 + 4. Is k(-7) a composite number?
False
Let r be (10/4)/((-6)/(-12)). Suppose -9 = 3*b, 3*b + 82 + 1392 = r*c. Is c a composite number?
False
Let r(s) = 221*s + 17. Is r(10) a prime number?
False
Let l be (2 - 3)*5*-1. Suppose s - 4*s = l*i - 2092, 1679 = 4*i - 3*s. Is i prime?
True
Let s be 27630/(-378) + (-2)/(-21). Let t = 60 - s. Is t a composite number?
True
Is (6/(36/6))/((-9)/(-438381)) prime?
False
Suppose 0 - 3 = -3*n, 0 = -5*d - 2*n + 17. Suppose 0*t - d*t + 639 = 0. Let g = t + -118. Is g prime?
False
Let c = 1563 - 1494. Is c a prime number?
False
Let r(i) = -i - 15. Let j be r(-10). Let p = -3 - j. Suppose w - 230 = -p*l, l - 66 = -w + 51. Is l a prime number?
True
Suppose -331*u + 326*u = -55045. Is u a prime number?
False
Let n = 740 + -346. Suppose -6*v + 1288 = n. Is v prime?
True
Let a = 52 + -43. Is 3/a - 652/(-6) prime?
True
Let r = -886 + 225. Let w = r + 2084. Is w prime?
True
Suppose -5*h + 133271 = 2*a, 2*a + 2*h - 190986 = -57706. Is a a composite number?
False
Let s = 2538 + 1703. Suppose -6*o = -s - 2461. Is o composite?
False
Let m = 33 - 29. Is (3 - m)/((-2)/2546) prime?
False
Suppose 10 = 2*u, 8*s - 7*s - 114 = -5*u. Is s composite?
False
Let p(u) = -174*u**3 + 4*u**2 - u - 11. Let i(q) = -261*q**3 + 6*q**2 - q - 17. Let y be (21/14)/((-6)/(-32)). Let n(c) = y*p(c) - 5*i(c). Is n(-2) prime?
False
Let m(r) = r**3 - 8*r**2 - r + 8. Let j be m(8). Let t(v) be the second derivative of v**3/6 + 79*v**2/2 - 14*v. Is t(j) composite?
False
Suppose 28*p = 13*p + 401205. Is p a composite number?
True
Suppose 0 = s + 7*s - 32. Let i be s*2/8 - -1. Suppose -910 = -3*b - 5*o, 3*b + 2*b - i*o = 1465. Is b prime?
False
Suppose 2*s - 2514 = 5*p, -s + 4*p = 3*s - 5040. Suppose 2*f + s + 14056 = 2*k, 22987 = 3*k - f. Suppose 4*b = w - 2202 + 291, k = 4*w + 4*b. Is w composite?
True
Let u(a) = -2*a - 1. Let w be u(-11). Let v = w - 17. Suppose -k = -4*y - 45, 67 = -v*k - y + 281. Is k a composite number?
False
Suppose 7*g = 2 + 12. Suppose g*s - 77 = 9. Let v = s + 288. Is v a prime number?
True
Let j(p) = -p + 11. Let a be j(6). Suppose -a*x + 745 = -1150. Is x composite?
False
Let h = 224 - 514. Is (h/(-15))/((-4)/(-42)) composite?
True
Suppose -5*s + 28 = -9*s. Let f(v) = -v**3 + 2*v**2 + 15*v + 1. Is f(s) a prime number?
True
Let m(w) = 3*w - 38. Let j be m(20). Suppose 25*i = j*i + 1137. Is i prime?
True
Suppose 834 = 4*q - 1018. Suppose 0 = -2*n + 4*u - 0*u + 974, -n + q = 4*u. Let g = n - 70. Is g a prime number?
True
Suppose 34 = 3*y - 5*k, 3*y - 5*k - 19 = 5*y. Suppose y*f = r + 288, -f + r = -2*r - 88. Is f prime?
True
Let c(f) = 3*f**3 - 2*f**2 + 2*f - 1. Let m be c(1). Suppose i - 4*b = 130 + 189, -m*i = 2*b - 608. Is i a composite number?
False
Let s = -20124 - -38315. Is s a composite number?
False
Let n = -27 - -21. Is -3670*(n/(-4) + -2)*1 prime?
False
Suppose 20 - 35 = -3*q. Suppose n + 144 = 459. Suppose -413 = -w + q*m, w - 66 = -3*m + n. Is w prime?
False
Let b = -17556 + 24935. Is b a prime number?
False
Let l be (-1 - 97)/1*9/6. Let j = l - -1310. Is j prime?
True
Suppose -f = 30*j - 35*j - 2308, -4598 = -2*f + 4*j. Is f a composite number?
False
Let l(q) = q**2 - 1. Let n(w) = 4*w**2 - 10*w + 13. Let o(j) = 6*l(j) - n(j). Is o(15) prime?
False
Let v = 833 - 544. Is v prime?
False
Let f be (-1)/(2 - (-33)/(-18)). Let h be 2 + 2 - (-4 - f). Suppose 2*x - 2*d = -0*d + 18, d - 21 = -h*x. Is x a prime number?
False
Let y(a) = 3807*a**2 - 15*a + 43. Is y(5) a prime number?
True
Let b be -2*((-9)/(-6) - 4). Suppose b*f = -41 + 386. Is f prime?
False
Let o = 0 - 4. Let i(q) = -q + 1. Let v(t) = -2*t - 10. Let l(m) = 3*i(m) + v(m). Is l(o) composite?
False
Let r be -2 + ((-5)/(-5) - -1). Suppose a + r*a + 4*t - 49 = 0, t - 4 = 0. Is a prime?
False
Let g(m) = -4*m**3 - 46*m**2 + 16*m + 54. Is g(-16) a composite number?
True
Is (-2861811)/81*2/(-6) a composite number?
False
Let r = -2442 - -5083. Is r composite?
True
Suppose 0 = c + 3*h + 11, 3*h - 15 = -5*c + 2*h. Suppose -3*r - f + 113 = 0, 156 = 5*r - r + c*f. Is r a composite number?
False
Let d(p) = 39*p**2 + p + 4. Suppose 3*u = 5*k - 6, 0 = u - 0*u + k + 2. Is d(u) composite?
True
Let x = -79 + 1371. Suppose -10*p + x = -6*p. Is p a prime number?
False
Let i(v